{"id":165,"date":"2026-02-03T05:43:12","date_gmt":"2026-02-03T05:43:12","guid":{"rendered":"https:\/\/poszeidon-mentok.hu\/?page_id=165"},"modified":"2026-02-05T08:34:48","modified_gmt":"2026-02-05T08:34:48","slug":"165-2","status":"publish","type":"page","link":"https:\/\/poszeidon-mentok.hu\/?page_id=165","title":{"rendered":"B\u00daV\u00c1RTECHNIKA"},"content":{"rendered":"\n<figure class=\"wp-block-image size-full\"><img loading=\"lazy\" decoding=\"async\" width=\"1024\" height=\"1024\"  data-gnlv=\"hey\" src=\"https:\/\/poszeidon-mentok.hu\/wp-content\/uploads\/2024\/08\/BUVARTECHNIKA.png\" alt=\"\" class=\"wp-image-163\" srcset=\"https:\/\/poszeidon-mentok.hu\/wp-content\/uploads\/2024\/08\/BUVARTECHNIKA.png 1024w, https:\/\/poszeidon-mentok.hu\/wp-content\/uploads\/2024\/08\/BUVARTECHNIKA-300x300.png 300w, https:\/\/poszeidon-mentok.hu\/wp-content\/uploads\/2024\/08\/BUVARTECHNIKA-150x150.png 150w, https:\/\/poszeidon-mentok.hu\/wp-content\/uploads\/2024\/08\/BUVARTECHNIKA-768x768.png 768w\" sizes=\"auto, (max-width: 1024px) 100vw, 1024px\" \/><\/figure>\n\n\n\n<p>A <strong>speci\u00e1lis b\u00fav\u00e1rtechnikai ment\u00e9s<\/strong> \u00e1ltal\u00e1ban a <strong>v\u00edz alatti ment\u00e9sek<\/strong> egyik k\u00fcl\u00f6n\u00f6sen neh\u00e9z, k\u00e9pzetts\u00e9get \u00e9s speci\u00e1lis felszerel\u00e9st ig\u00e9nyl\u0151 form\u00e1ja. Ilyeneket \u00e1ltal\u00e1ban <strong>t\u0171zolt\u00f3s\u00e1gok, katasztr\u00f3fav\u00e9delmi egys\u00e9gek, rend\u0151rs\u00e9gi b\u00fav\u00e1rok vagy civil b\u00fav\u00e1regyes\u00fcletek<\/strong> v\u00e9geznek.\ud83d\udd27<\/p>\n\n\n\n<ul class=\"wp-block-list\">\n<li><strong>Aut\u00f3 kiemel\u00e9se v\u00edzb\u0151l<\/strong> (pl. baleset ut\u00e1n)<\/li>\n\n\n\n<li><strong>Elmer\u00fclt szem\u00e9ly felkutat\u00e1sa \u00e9s kiemel\u00e9se<\/strong><\/li>\n\n\n\n<li><strong>V\u00edz alatti akad\u00e1lyok elt\u00e1vol\u00edt\u00e1sa<\/strong> (pl. duzzaszt\u00f3g\u00e1takn\u00e1l)<\/li>\n\n\n\n<li><strong>\u00c1rv\u00edzi ment\u00e9s<\/strong>: \u00e1raml\u00e1sos v\u00edzben v\u00e9gzett tev\u00e9kenys\u00e9g, ak\u00e1r \u00e1ram alatt l\u00e9v\u0151 ter\u00fcleten is<\/li>\n\n\n\n<li><strong>M\u0171szaki ment\u00e9s<\/strong>: cs\u0151vezet\u00e9k, haj\u00f3roncs, v\u00edz alatti szerkezet ment\u00e9se vagy jav\u00edt\u00e1sa<\/li>\n<\/ul>\n\n\n\n<h5 class=\"wp-block-heading\">\u2699\ufe0f Sz\u00fcks\u00e9ges felszerel\u00e9sek:<\/h5>\n\n\n\n<ul class=\"wp-block-list\">\n<li><strong>Sz\u00e1razruha vagy nedves ruha<\/strong>, v\u00edz h\u0151m\u00e9rs\u00e9klet\u00e9t\u0151l f\u00fcgg\u0151en<\/li>\n\n\n\n<li><strong>Speci\u00e1lis l\u00e9gz\u0151k\u00e9sz\u00fcl\u00e9kek<\/strong> (pl. z\u00e1rt rendszer\u0171 vagy kevertg\u00e1zos)<\/li>\n\n\n\n<li><strong>Kommunik\u00e1ci\u00f3s rendszerek<\/strong>, pl. v\u00edz alatti r\u00e1di\u00f3<\/li>\n\n\n\n<li><strong>Emel\u0151ballonok<\/strong>, cs\u00f6rl\u0151k, k\u00f6t\u00e9ltechnika<\/li>\n\n\n\n<li><strong>V\u00edz alatti vil\u00e1g\u00edt\u00e1s \u00e9s kamera<\/strong> (roncsvizsg\u00e1lathoz, dokument\u00e1ci\u00f3hoz)<\/li>\n<\/ul>\n\n\n\n<h5 class=\"wp-block-heading\">\ud83e\udde0 K\u00e9pzetts\u00e9g:<\/h5>\n\n\n\n<p><strong>T\u00e9rk\u00e9p- \u00e9s t\u00e1j\u00e9koz\u00f3d\u00e1si ismeretek v\u00edz alatt<\/strong><\/p>\n\n\n\n<p><strong>Ment\u0151b\u00fav\u00e1r k\u00e9pz\u00e9s<\/strong> (pl. UEF \u2013 CMAS, PADI, IANTD vagy hazai szakmai k\u00e9pz\u00e9sek)<\/p>\n\n\n\n<p><strong>K\u00f6t\u00e9ltechnika \u00e9s v\u00edziment\u0151 ismeretek<\/strong><\/p>\n\n\n\n<p><strong>V\u00edz alatti els\u0151seg\u00e9ly \u00e9s \u00fajra\u00e9leszt\u00e9s<\/strong><\/p>\n\n\n\n<figure class=\"wp-block-image size-full\"><a href=\"https:\/\/poszeidon-mentok.hu\/?page_id=83\"><img loading=\"lazy\" decoding=\"async\" width=\"1014\" height=\"213\"  data-gnlv=\"hey\" src=\"https:\/\/poszeidon-mentok.hu\/wp-content\/uploads\/2024\/08\/Screenshot-2024-08-01-at-17-24-00-UEF-buvartanfolyam-buvar-buvaroktatas-buvar-oktatas-buvaroktato.png\" alt=\"\" class=\"wp-image-15\" srcset=\"https:\/\/poszeidon-mentok.hu\/wp-content\/uploads\/2024\/08\/Screenshot-2024-08-01-at-17-24-00-UEF-buvartanfolyam-buvar-buvaroktatas-buvar-oktatas-buvaroktato.png 1014w, https:\/\/poszeidon-mentok.hu\/wp-content\/uploads\/2024\/08\/Screenshot-2024-08-01-at-17-24-00-UEF-buvartanfolyam-buvar-buvaroktatas-buvar-oktatas-buvaroktato-300x63.png 300w, https:\/\/poszeidon-mentok.hu\/wp-content\/uploads\/2024\/08\/Screenshot-2024-08-01-at-17-24-00-UEF-buvartanfolyam-buvar-buvaroktatas-buvar-oktatas-buvaroktato-768x161.png 768w\" sizes=\"auto, (max-width: 1014px) 100vw, 1014px\" \/><\/a><\/figure>\n\n\n\n<div class=\"wp-block-buttons is-layout-flex wp-block-buttons-is-layout-flex\">\n<div class=\"wp-block-button\"><a class=\"wp-block-button__link wp-element-button\" href=\"https:\/\/poszeidon-mentok.hu\/?p=1\">F\u0151oldal<\/a><\/div>\n<\/div>\n\n\n\n<p><\/p>\n","protected":false},"excerpt":{"rendered":"<p>A speci\u00e1lis b\u00fav\u00e1rtechnikai ment\u00e9s \u00e1ltal\u00e1ban a v\u00edz alatti ment\u00e9sek egyik k\u00fcl\u00f6n\u00f6sen neh\u00e9z, k\u00e9pzetts\u00e9get \u00e9s speci\u00e1lis felszerel\u00e9st ig\u00e9nyl\u0151 form\u00e1ja. Ilyeneket \u00e1ltal\u00e1ban t\u0171zolt\u00f3s\u00e1gok, katasztr\u00f3fav\u00e9delmi egys\u00e9gek, rend\u0151rs\u00e9gi b\u00fav\u00e1rok vagy civil b\u00fav\u00e1regyes\u00fcletek v\u00e9geznek.\ud83d\udd27 \u2699\ufe0f Sz\u00fcks\u00e9ges felszerel\u00e9sek: \ud83e\udde0 K\u00e9pzetts\u00e9g: T\u00e9rk\u00e9p- \u00e9s t\u00e1j\u00e9koz\u00f3d\u00e1si ismeretek v\u00edz alatt Ment\u0151b\u00fav\u00e1r k\u00e9pz\u00e9s (pl. UEF \u2013 CMAS, PADI, IANTD vagy hazai szakmai k\u00e9pz\u00e9sek) K\u00f6t\u00e9ltechnika \u00e9s v\u00edziment\u0151 [&hellip;]<\/p>\n","protected":false},"author":1,"featured_media":0,"parent":0,"menu_order":0,"comment_status":"closed","ping_status":"closed","template":"","meta":{"footnotes":""},"class_list":["post-165","page","type-page","status-publish","hentry"],"yoast_head":"<!-- This site is optimized with the Yoast SEO plugin v27.2 - https:\/\/yoast.com\/product\/yoast-seo-wordpress\/ -->\n<title>B\u00daV\u00c1RTECHNIKA - Poszeidon Speci\u00e1lis Ment\u0151szolg\u00e1lat<\/title>\n<meta name=\"robots\" content=\"index, follow, max-snippet:-1, max-image-preview:large, max-video-preview:-1\" \/>\n<link rel=\"canonical\" href=\"https:\/\/poszeidon-mentok.hu\/?page_id=165\" \/>\n<meta property=\"og:locale\" content=\"hu_HU\" \/>\n<meta property=\"og:type\" content=\"article\" \/>\n<meta property=\"og:title\" content=\"B\u00daV\u00c1RTECHNIKA - Poszeidon Speci\u00e1lis Ment\u0151szolg\u00e1lat\" \/>\n<meta property=\"og:description\" content=\"A speci\u00e1lis b\u00fav\u00e1rtechnikai ment\u00e9s \u00e1ltal\u00e1ban a v\u00edz alatti ment\u00e9sek egyik k\u00fcl\u00f6n\u00f6sen neh\u00e9z, k\u00e9pzetts\u00e9get \u00e9s speci\u00e1lis felszerel\u00e9st ig\u00e9nyl\u0151 form\u00e1ja. Ilyeneket \u00e1ltal\u00e1ban t\u0171zolt\u00f3s\u00e1gok, katasztr\u00f3fav\u00e9delmi egys\u00e9gek, rend\u0151rs\u00e9gi b\u00fav\u00e1rok vagy civil b\u00fav\u00e1regyes\u00fcletek v\u00e9geznek.\ud83d\udd27 \u2699\ufe0f Sz\u00fcks\u00e9ges felszerel\u00e9sek: \ud83e\udde0 K\u00e9pzetts\u00e9g: T\u00e9rk\u00e9p- \u00e9s t\u00e1j\u00e9koz\u00f3d\u00e1si ismeretek v\u00edz alatt Ment\u0151b\u00fav\u00e1r k\u00e9pz\u00e9s (pl. UEF \u2013 CMAS, PADI, IANTD vagy hazai szakmai k\u00e9pz\u00e9sek) K\u00f6t\u00e9ltechnika \u00e9s v\u00edziment\u0151 [&hellip;]\" \/>\n<meta property=\"og:url\" content=\"https:\/\/poszeidon-mentok.hu\/?page_id=165\" \/>\n<meta property=\"og:site_name\" content=\"Poszeidon Speci\u00e1lis Ment\u0151szolg\u00e1lat\" \/>\n<meta property=\"article:modified_time\" content=\"2026-02-05T08:34:48+00:00\" \/>\n<meta property=\"og:image\" content=\"https:\/\/poszeidon-mentok.hu\/wp-content\/uploads\/2024\/08\/BUVARTECHNIKA.png\" \/>\n<meta name=\"twitter:card\" content=\"summary_large_image\" \/>\n<meta name=\"twitter:label1\" content=\"Becs\u00fclt olvas\u00e1si id\u0151\" \/>\n\t<meta name=\"twitter:data1\" content=\"2 perc\" \/>\n<script type=\"application\/ld+json\" class=\"yoast-schema-graph\">{\"@context\":\"https:\/\/schema.org\",\"@graph\":[{\"@type\":\"WebPage\",\"@id\":\"https:\/\/poszeidon-mentok.hu\/?page_id=165\",\"url\":\"https:\/\/poszeidon-mentok.hu\/?page_id=165\",\"name\":\"B\u00daV\u00c1RTECHNIKA - Poszeidon Speci\u00e1lis Ment\u0151szolg\u00e1lat\",\"isPartOf\":{\"@id\":\"https:\/\/poszeidon-mentok.hu\/#website\"},\"primaryImageOfPage\":{\"@id\":\"https:\/\/poszeidon-mentok.hu\/?page_id=165#primaryimage\"},\"image\":{\"@id\":\"https:\/\/poszeidon-mentok.hu\/?page_id=165#primaryimage\"},\"thumbnailUrl\":\"https:\/\/poszeidon-mentok.hu\/wp-content\/uploads\/2024\/08\/BUVARTECHNIKA.png\",\"datePublished\":\"2026-02-03T05:43:12+00:00\",\"dateModified\":\"2026-02-05T08:34:48+00:00\",\"breadcrumb\":{\"@id\":\"https:\/\/poszeidon-mentok.hu\/?page_id=165#breadcrumb\"},\"inLanguage\":\"hu\",\"potentialAction\":[{\"@type\":\"ReadAction\",\"target\":[\"https:\/\/poszeidon-mentok.hu\/?page_id=165\"]}]},{\"@type\":\"ImageObject\",\"inLanguage\":\"hu\",\"@id\":\"https:\/\/poszeidon-mentok.hu\/?page_id=165#primaryimage\",\"url\":\"https:\/\/poszeidon-mentok.hu\/wp-content\/uploads\/2024\/08\/BUVARTECHNIKA.png\",\"contentUrl\":\"https:\/\/poszeidon-mentok.hu\/wp-content\/uploads\/2024\/08\/BUVARTECHNIKA.png\",\"width\":1024,\"height\":1024},{\"@type\":\"BreadcrumbList\",\"@id\":\"https:\/\/poszeidon-mentok.hu\/?page_id=165#breadcrumb\",\"itemListElement\":[{\"@type\":\"ListItem\",\"position\":1,\"name\":\"Kezd\u0151lap\",\"item\":\"https:\/\/poszeidon-mentok.hu\/\"},{\"@type\":\"ListItem\",\"position\":2,\"name\":\"B\u00daV\u00c1RTECHNIKA\"}]},{\"@type\":\"WebSite\",\"@id\":\"https:\/\/poszeidon-mentok.hu\/#website\",\"url\":\"https:\/\/poszeidon-mentok.hu\/\",\"name\":\"Poszeidon Speci\u00e1lis Ment\u0151szolg\u00e1lat\",\"description\":\"\",\"publisher\":{\"@id\":\"https:\/\/poszeidon-mentok.hu\/#organization\"},\"potentialAction\":[{\"@type\":\"SearchAction\",\"target\":{\"@type\":\"EntryPoint\",\"urlTemplate\":\"https:\/\/poszeidon-mentok.hu\/?s={search_term_string}\"},\"query-input\":{\"@type\":\"PropertyValueSpecification\",\"valueRequired\":true,\"valueName\":\"search_term_string\"}}],\"inLanguage\":\"hu\"},{\"@type\":\"Organization\",\"@id\":\"https:\/\/poszeidon-mentok.hu\/#organization\",\"name\":\"Poszeidon Speci\u00e1lis Ment\u0151szolg\u00e1lat\",\"url\":\"https:\/\/poszeidon-mentok.hu\/\",\"logo\":{\"@type\":\"ImageObject\",\"inLanguage\":\"hu\",\"@id\":\"https:\/\/poszeidon-mentok.hu\/#\/schema\/logo\/image\/\",\"url\":\"https:\/\/poszeidon-mentok.hu\/wp-content\/uploads\/2024\/08\/logoalapitvmentoBELY.jpg\",\"contentUrl\":\"https:\/\/poszeidon-mentok.hu\/wp-content\/uploads\/2024\/08\/logoalapitvmentoBELY.jpg\",\"width\":841,\"height\":821,\"caption\":\"Poszeidon Speci\u00e1lis Ment\u0151szolg\u00e1lat\"},\"image\":{\"@id\":\"https:\/\/poszeidon-mentok.hu\/#\/schema\/logo\/image\/\"}}]}<\/script>\n<!-- \/ Yoast SEO plugin. -->","yoast_head_json":{"title":"B\u00daV\u00c1RTECHNIKA - Poszeidon Speci\u00e1lis Ment\u0151szolg\u00e1lat","robots":{"index":"index","follow":"follow","max-snippet":"max-snippet:-1","max-image-preview":"max-image-preview:large","max-video-preview":"max-video-preview:-1"},"canonical":"https:\/\/poszeidon-mentok.hu\/?page_id=165","og_locale":"hu_HU","og_type":"article","og_title":"B\u00daV\u00c1RTECHNIKA - Poszeidon Speci\u00e1lis Ment\u0151szolg\u00e1lat","og_description":"A speci\u00e1lis b\u00fav\u00e1rtechnikai ment\u00e9s \u00e1ltal\u00e1ban a v\u00edz alatti ment\u00e9sek egyik k\u00fcl\u00f6n\u00f6sen neh\u00e9z, k\u00e9pzetts\u00e9get \u00e9s speci\u00e1lis felszerel\u00e9st ig\u00e9nyl\u0151 form\u00e1ja. Ilyeneket \u00e1ltal\u00e1ban t\u0171zolt\u00f3s\u00e1gok, katasztr\u00f3fav\u00e9delmi egys\u00e9gek, rend\u0151rs\u00e9gi b\u00fav\u00e1rok vagy civil b\u00fav\u00e1regyes\u00fcletek v\u00e9geznek.\ud83d\udd27 \u2699\ufe0f Sz\u00fcks\u00e9ges felszerel\u00e9sek: \ud83e\udde0 K\u00e9pzetts\u00e9g: T\u00e9rk\u00e9p- \u00e9s t\u00e1j\u00e9koz\u00f3d\u00e1si ismeretek v\u00edz alatt Ment\u0151b\u00fav\u00e1r k\u00e9pz\u00e9s (pl. UEF \u2013 CMAS, PADI, IANTD vagy hazai szakmai k\u00e9pz\u00e9sek) K\u00f6t\u00e9ltechnika \u00e9s v\u00edziment\u0151 [&hellip;]","og_url":"https:\/\/poszeidon-mentok.hu\/?page_id=165","og_site_name":"Poszeidon Speci\u00e1lis Ment\u0151szolg\u00e1lat","article_modified_time":"2026-02-05T08:34:48+00:00","og_image":[{"url":"https:\/\/poszeidon-mentok.hu\/wp-content\/uploads\/2024\/08\/BUVARTECHNIKA.png","type":"","width":"","height":""}],"twitter_card":"summary_large_image","twitter_misc":{"Becs\u00fclt olvas\u00e1si id\u0151":"2 perc"},"schema":{"@context":"https:\/\/schema.org","@graph":[{"@type":"WebPage","@id":"https:\/\/poszeidon-mentok.hu\/?page_id=165","url":"https:\/\/poszeidon-mentok.hu\/?page_id=165","name":"B\u00daV\u00c1RTECHNIKA - Poszeidon Speci\u00e1lis Ment\u0151szolg\u00e1lat","isPartOf":{"@id":"https:\/\/poszeidon-mentok.hu\/#website"},"primaryImageOfPage":{"@id":"https:\/\/poszeidon-mentok.hu\/?page_id=165#primaryimage"},"image":{"@id":"https:\/\/poszeidon-mentok.hu\/?page_id=165#primaryimage"},"thumbnailUrl":"https:\/\/poszeidon-mentok.hu\/wp-content\/uploads\/2024\/08\/BUVARTECHNIKA.png","datePublished":"2026-02-03T05:43:12+00:00","dateModified":"2026-02-05T08:34:48+00:00","breadcrumb":{"@id":"https:\/\/poszeidon-mentok.hu\/?page_id=165#breadcrumb"},"inLanguage":"hu","potentialAction":[{"@type":"ReadAction","target":["https:\/\/poszeidon-mentok.hu\/?page_id=165"]}]},{"@type":"ImageObject","inLanguage":"hu","@id":"https:\/\/poszeidon-mentok.hu\/?page_id=165#primaryimage","url":"https:\/\/poszeidon-mentok.hu\/wp-content\/uploads\/2024\/08\/BUVARTECHNIKA.png","contentUrl":"https:\/\/poszeidon-mentok.hu\/wp-content\/uploads\/2024\/08\/BUVARTECHNIKA.png","width":1024,"height":1024},{"@type":"BreadcrumbList","@id":"https:\/\/poszeidon-mentok.hu\/?page_id=165#breadcrumb","itemListElement":[{"@type":"ListItem","position":1,"name":"Kezd\u0151lap","item":"https:\/\/poszeidon-mentok.hu\/"},{"@type":"ListItem","position":2,"name":"B\u00daV\u00c1RTECHNIKA"}]},{"@type":"WebSite","@id":"https:\/\/poszeidon-mentok.hu\/#website","url":"https:\/\/poszeidon-mentok.hu\/","name":"Poszeidon Speci\u00e1lis Ment\u0151szolg\u00e1lat","description":"","publisher":{"@id":"https:\/\/poszeidon-mentok.hu\/#organization"},"potentialAction":[{"@type":"SearchAction","target":{"@type":"EntryPoint","urlTemplate":"https:\/\/poszeidon-mentok.hu\/?s={search_term_string}"},"query-input":{"@type":"PropertyValueSpecification","valueRequired":true,"valueName":"search_term_string"}}],"inLanguage":"hu"},{"@type":"Organization","@id":"https:\/\/poszeidon-mentok.hu\/#organization","name":"Poszeidon Speci\u00e1lis Ment\u0151szolg\u00e1lat","url":"https:\/\/poszeidon-mentok.hu\/","logo":{"@type":"ImageObject","inLanguage":"hu","@id":"https:\/\/poszeidon-mentok.hu\/#\/schema\/logo\/image\/","url":"https:\/\/poszeidon-mentok.hu\/wp-content\/uploads\/2024\/08\/logoalapitvmentoBELY.jpg","contentUrl":"https:\/\/poszeidon-mentok.hu\/wp-content\/uploads\/2024\/08\/logoalapitvmentoBELY.jpg","width":841,"height":821,"caption":"Poszeidon Speci\u00e1lis Ment\u0151szolg\u00e1lat"},"image":{"@id":"https:\/\/poszeidon-mentok.hu\/#\/schema\/logo\/image\/"}}]}},"jetpack_sharing_enabled":true,"_links":{"self":[{"href":"https:\/\/poszeidon-mentok.hu\/index.php?rest_route=\/wp\/v2\/pages\/165","targetHints":{"allow":["GET"]}}],"collection":[{"href":"https:\/\/poszeidon-mentok.hu\/index.php?rest_route=\/wp\/v2\/pages"}],"about":[{"href":"https:\/\/poszeidon-mentok.hu\/index.php?rest_route=\/wp\/v2\/types\/page"}],"author":[{"embeddable":true,"href":"https:\/\/poszeidon-mentok.hu\/index.php?rest_route=\/wp\/v2\/users\/1"}],"replies":[{"embeddable":true,"href":"https:\/\/poszeidon-mentok.hu\/index.php?rest_route=%2Fwp%2Fv2%2Fcomments&post=165"}],"version-history":[{"count":7,"href":"https:\/\/poszeidon-mentok.hu\/index.php?rest_route=\/wp\/v2\/pages\/165\/revisions"}],"predecessor-version":[{"id":265,"href":"https:\/\/poszeidon-mentok.hu\/index.php?rest_route=\/wp\/v2\/pages\/165\/revisions\/265"}],"wp:attachment":[{"href":"https:\/\/poszeidon-mentok.hu\/index.php?rest_route=%2Fwp%2Fv2%2Fmedia&parent=165"}],"curies":[{"name":"wp","href":"https:\/\/api.w.org\/{rel}","templated":true}]}}